ple of 40?
False
Is 2780 a factor of 84873347?
False
Is 136740150 a multiple of 182?
False
Is 18 a factor of 26917110?
True
Does 2467 divide 150120822?
False
Is 41985619 a multiple of 69?
False
Is 168 a factor of 17565682?
False
Is 670485688 a multiple of 27?
False
Does 96 divide 1954270272?
True
Does 114 divide 41355139?
False
Is 98 a factor of 30097147?
False
Is 2248028199 a multiple of 42?
False
Does 2749 divide 265626871?
False
Is 6621511 a multiple of 74?
False
Is 596 a factor of 5081374?
False
Is 3 a factor of 7255060?
False
Is 342721029 a multiple of 177?
True
Is 31 a factor of 238339133?
False
Does 405 divide 363888202?
False
Does 28 divide 2241232?
True
Is 98322050 a multiple of 850?
True
Is 777 a factor of 78413286?
True
Is 35790158 a multiple of 304?
False
Is 83 a factor of 57771486?
True
Is 790585770 a multiple of 10?
True
Is 983 a factor of 1806472284?
False
Is 1275617 a multiple of 5?
False
Is 512 a factor of 14378264?
False
Is 118107132 a multiple of 33?
True
Is 21908394 a multiple of 739?
True
Is 19489972 a multiple of 38?
True
Does 12 divide 26605633?
False
Is 2212903088 a multiple of 1298?
True
Is 371641578 a multiple of 2359?
True
Does 6504 divide 1873857975?
False
Does 11 divide 6354311?
False
Is 1946 a factor of 2268662368?
True
Is 1786 a factor of 161081126?
True
Is 815641290 a multiple of 3690?
True
Is 318 a factor of 634002709?
False
Is 7401968 a multiple of 10?
False
Is 13 a factor of 165408464?
True
Is 17 a factor of 6003631158?
True
Does 2037 divide 1415498610?
False
Is 116 a factor of 14659152?
True
Is 1996671059 a multiple of 752?
False
Is 2 a factor of 21274264?
True
Does 2536 divide 480870320?
False
Is 2871 a factor of 47888280?
True
Is 1155091889 a multiple of 79?
False
Is 804 a factor of 68471856?
True
Does 20 divide 114215800?
True
Does 111 divide 90062162?
False
Is 35628005 a multiple of 35?
True
Does 2220 divide 938761544?
False
Does 17 divide 109061425?
False
Does 137 divide 245709911?
True
Is 2882798534 a multiple of 19?
False
Is 25 a factor of 213055575?
True
Is 114 a factor of 1538864143?
False
Does 22 divide 96987374?
True
Is 5 a factor of 5911279?
False
Does 611 divide 14048723?
True
Is 2123143147 a multiple of 2013?
False
Does 45 divide 241826175?
True
Is 6525911 a multiple of 5?
False
Does 1106 divide 21184382?
False
Is 3798 a factor of 154229184?
True
Does 3895 divide 2633657440?
False
Does 9 divide 3919102?
False
Is 2541333 even?
False
Is 121 a factor of 11549588?
False
Is 439828200 a multiple of 2100?
True
Does 73 divide 7041653?
True
Is 5 a factor of 195033215?
True
Does 30 divide 128840280?
True
Does 38 divide 2222877?
False
Is 4 a factor of 76774624?
True
Is 4 a factor of 49243380?
True
Does 7 divide 14172018?
True
Does 2110 divide 236205292?
False
Is 242 a factor of 2003027041?
False
Does 551 divide 11116425?
True
Does 156 divide 87265288?
False
Does 29 divide 293973380?
False
Is 29677440 a multiple of 123?
True
Does 10 divide 9016467?
False
Does 398 divide 6239844?
True
Is 2435 a factor of 4891915?
True
Is 534 a factor of 60667740?
True
Does 181 divide 18145262?
False
Is 8 a factor of 221790?
False
Is 2365 a factor of 3862115950?
True
Is 250446084 a multiple of 28?
True
Is 13991714 a multiple of 8?
False
Does 57 divide 38979789?
False
Does 46 divide 991000080?
True
Is 1160 a factor of 2751095352?
False
Is 157163984 a multiple of 106?
False
Does 248 divide 47337045?
False
Is 526137691 a multiple of 229?
False
Does 3597 divide 346714126?
False
Does 95 divide 154389980?
False
Is 19 a factor of 176489860?
True
Does 1415 divide 3359884955?
True
Does 319 divide 33095252?
False
Is 247 a factor of 105689818?
True
Is 129379423 a multiple of 141?
False
Is 118158633 a multiple of 45?
False
Is 475 a factor of 310680929?
False
Is 12081 a factor of 406839756?
True
Does 60 divide 748946160?
True
Does 532 divide 11436258?
False
Is 864599514 a multiple of 162?
False
Does 1122 divide 1626534228?
True
Does 188 divide 20296668?
True
Is 8790691 a multiple of 32?
False
Is 51272591 a multiple of 276?
False
Does 769 divide 98109561?
False
Does 146 divide 4409542?
False
Does 246 divide 18421086?
False
Does 2018 divide 115760552?
True
Does 1558 divide 615473595?
False
Is 1788 a factor of 33091796?
False
Does 3236 divide 1088305632?
True
Is 65 a factor of 807298635?
True
Is 808 a factor of 665876340?
False
Is 19 a factor of 290039883?
True
Does 38 divide 22977574?
True
Is 30523258 a multiple of 167?
True
Is 51 a factor of 2419173015?
True
Is 343 a factor of 59169901?
True
Does 15 divide 244486195?
False
Does 1189 divide 57448163?
False
Does 87 divide 3055497?
False
Is 17486946 a multiple of 69?
True
Does 8 divide 646442903?
False
Is 447566402 a multiple of 19?
False
Is 11 a factor of 114571386?
False
Is 26758740 a multiple of 30?
True
Is 78715520 a multiple of 520?
True
Is 15 a factor of 742731703?
False
Does 7 divide 24409221?
False
Is 91524574 a multiple of 239?
False
Does 3 divide 1557108?
True
Does 106 divide 273729630?
True
Is 35 a factor of 213742235?
True
Is 972606798 a multiple of 29?
False
Is 42 a factor of 31699775?
False
Is 7031 a factor of 120082449?
True
Does 2162 divide 1105134406?
True
Does 22 divide 7088524?
False
Is 49859649 a multiple of 63?
True
Does 6175 divide 819237250?
True
Is 917132384 a multiple of 14?
True
Is 397 a factor of 1270805762?
False
Does 96 divide 32642580?
False
Is 34631323 a multiple of 22?
False
Does 49 divide 34248403?
True
Is 39644856 a multiple of 6?
True
Is 79921116 a multiple of 12?
True
Is 165 a factor of 77301691?
False
Does 595 divide 2613482996?
False
Is 243 a factor of 49988834?
False
Is 4340417132 a multiple of 91?
False
Is 337137876 a multiple of 4062?
True
Does 130 divide 25733433?
False
Is 165 a factor of 151856760?
True
Is 13 a factor of 20574421?
False
Is 1110 a factor of 42366545?
False
Is 213668406 a multiple of 31?
False
Does 6 divide 307333499?
False
Is 4780485 a multiple of 153?
True
Does 1444 divide 89927988?
True
Does 6 divide 554607193?
False
Is 6714 a factor of 2513296088?
False
Is 529305756 a multiple of 59?
True
Is 3005 a factor of 5977942660?
True
Is 38 a factor of 7459874?
False
Does 3270 divide 744264196?
False
Is 132037783 a multiple of 260?
False
Does 202 divide 91732776?
False
Is 23 a factor of 728449399?
True
Is 4344223 a multiple of 13?
True
Is 8473629 a multiple of 37?
True
Is 25 a factor of 4968067725?
True
Does 22 divide 397081014?
True
Does 1194 divide 12163278?
True
Is 1070060288 a multiple of 2816?
True
Is 15 a factor of 72519480?
True
Does 22 divide 36395458?
True
Is 1979 a factor of 24886048?
False
Is 62 a factor of 517577426?
True
Does 198 divide 252071424?
True
Is 4409 a factor of 475047705?
True
Is 7031 a factor of 1257184986?
True
Is 763 a factor of 16604406?
True
Does 15 divide 22459391?
False
Is 853771349 a multiple of 1040?
False
Is 12538 a factor of 3684216072?
True
Is 1249 a factor of 73674938?
False
Is 38 a factor of 123321682?
False
Is 568 a factor of 35059994?
False
Is 745612533 a multiple of 159?
True
Is 130 a factor of 33341750?
True
Is 8 a factor of 1473908?
False
Is 2435 a factor of 2123043?
False
Does 493 divide 24670213?
True
Is 1628 a factor of 9759860?
True
Is 862 a factor of 88531804?
False
Is 8 a factor of 252330638?
False
Is 1485 a factor of 203933610?
False
Does 28 divide 3365018?
False
Is 966263784 a multiple of 12?
True
Is 127 a factor of 427756138?
False
Is 57853551 a multiple of 1051?
False
Is 9 a factor of 8370630?
True
Does 2 divide 3423204?
True
Is 213 a factor of 591001329?
False
Does 2173 divide 45335299?
True
Does 3 divide 10858718?
False
Is 26 a factor of 2178878?
True
Is 228 a factor of 62453988?
True
Is 925 a factor of 139620415?
False
Is 27978278 a multiple of 1483?
True
Does 619 divide 2881257045?
False
Does 3 divide 21046611?
True
Is 95122779 a multiple of 49?
False
Does 181 divide 265538041?
True
Does 3 divide 280881028?
False
Is 73288162 a multiple of 2?
True
Is 77612600 a multiple of 40?
True
Is 110 a factor of 3438270?
True
Does 471 divide 85534345?
False
Is 74724534 a multiple of 222?
True
Is 9859873 a multiple of 1061?
True
Is 41 a factor of 2878850055?
True
Does 4 divide 11504220?
True
Is 2 a factor of 10710123?
False
Is 592 a factor of 411528639?
False
Is 9599083 a multiple of 13?
True
